{"id":214,"date":"2021-09-14T13:31:37","date_gmt":"2021-09-14T13:31:37","guid":{"rendered":"https:\/\/tvh.mb7x.de\/?page_id=214"},"modified":"2021-09-14T13:31:38","modified_gmt":"2021-09-14T13:31:38","slug":"pluspunkt-gesundheit","status":"publish","type":"page","link":"https:\/\/tv-hattenheim.de\/index.php\/pluspunkt-gesundheit\/","title":{"rendered":"Pluspunkt Gesundheit"},"content":{"rendered":"\n<p><strong>Auszeichnung f\u00fcr besonderes<\/strong><br><strong>Gesundheitssportangebot im Verein<\/strong>\u00a0<\/p>\n\n\n\n<p>Wir sind stolz Euch mitteilen zu k\u00f6nnen, dass Pamela Stelzer im Juni 2014 ihre B-Lizenz-Pr\u00fcfung im Bereich Kinderturnen \u201cPr\u00e4vention und Gesundheit\u201d erfolgreich bestanden hat. Durch den Erwerb dieser Lizenz war es uns m\u00f6glich den\u00a0<em><strong>Pluspunkt Gesundheit.DTB<\/strong><\/em>\u00a0f\u00fcr unseren Verein zu erlangen. Dies bedeutet, dass wir seitdem auch einen Kurs f\u00fcr Kinder im Bereich Gesundheit anbieten k\u00f6nnen. Dieser wird auch von den Krankenkassen finanziell gef\u00f6rdert.<\/p>\n\n\n\n<figure class=\"wp-block-image size-full\"><a href=\"http:\/\/www.dtb-online.de\/portal\/gymwelt\/gesundheitssport\/pluspunkt-gesundheitdtb.html\"><img fetchpriority=\"high\" decoding=\"async\" width=\"479\" height=\"125\" src=\"https:\/\/tvh.mb7x.de\/wp-content\/uploads\/2021\/09\/pluspunkt_gesundheit.jpg\" alt=\"\" class=\"wp-image-215\" srcset=\"https:\/\/tv-hattenheim.de\/wp-content\/uploads\/2021\/09\/pluspunkt_gesundheit.jpg 479w, https:\/\/tv-hattenheim.de\/wp-content\/uploads\/2021\/09\/pluspunkt_gesundheit-300x78.jpg 300w\" sizes=\"(max-width: 479px) 100vw, 479px\" \/><\/a><figcaption><a rel=\"noreferrer noopener\" href=\"http:\/\/www.dtb-online.de\/portal\/gymwelt\/gesundheitssport\/pluspunkt-gesundheitdtb.html\" target=\"_blank\">http:\/\/www.dtb-online.de\/portal\/gymwelt\/gesundheitssport\/pluspunkt-gesundheitdtb.html<\/a><\/figcaption><\/figure>\n\n\n\n<p>Daran k\u00f6nnen alle Kinder teilnehmen, die sich bislang noch nicht f\u00fcr Bewegung und Sport begeistern konnten.<\/p>\n\n\n\n<p>Insbesondere dient dieser Kurs zur Vorbeugung von R\u00fcckenbeschwerden, \u00dcbergewicht und Bewegungsmangel.<br>Nicht der Leistungsdruck, sondern der Spa\u00df und die soziale Gemeinschaft stehen hierbei im Vordergrund.\u00a0Bei Interesse und\/oder weiteren Fragen wenden Sie sich gerne an Pamela Stelzer (<a href=\"mailto:pamela.stelzer@tv-hattenheim.de\">mail@tv-hattenheim.de<\/a>).<\/p>\n","protected":false},"excerpt":{"rendered":"<p>Auszeichnung f\u00fcr besonderesGesundheitssportangebot im Verein\u00a0 Wir sind stolz Euch mitteilen zu k\u00f6nnen, dass Pamela Stelzer im Juni 2014 ihre B-Lizenz-Pr\u00fcfung im Bereich Kinderturnen \u201cPr\u00e4vention und Gesundheit\u201d erfolgreich bestanden hat. Durch den Erwerb dieser Lizenz war es uns m\u00f6glich den\u00a0Pluspunkt Gesundheit.DTB\u00a0f\u00fcr unseren Verein zu erlangen. Dies bedeutet, dass wir seitdem auch einen Kurs f\u00fcr Kinder im [&hellip;]<\/p>\n","protected":false},"author":1,"featured_media":0,"parent":0,"menu_order":0,"comment_status":"closed","ping_status":"closed","template":"","meta":{"site-sidebar-layout":"default","site-content-layout":"default","ast-site-content-layout":"","site-content-style":"default","site-sidebar-style":"default","ast-global-header-display":"","ast-banner-title-visibility":"","ast-main-header-display":"","ast-hfb-above-header-display":"","ast-hfb-below-header-display":"","ast-hfb-mobile-header-display":"","site-post-title":"","ast-breadcrumbs-content":"","ast-featured-img":"","footer-sml-layout":"","theme-transparent-header-meta":"default","adv-header-id-meta":"","stick-header-meta":"","header-above-stick-meta":"","header-main-stick-meta":"","header-below-stick-meta":"","astra-migrate-meta-layouts":"default","ast-page-background-enabled":"default","ast-page-background-meta":{"desktop":{"background-color":"","background-image":"","background-repeat":"repeat","background-position":"center center","background-size":"auto","background-attachment":"scroll","background-type":"","background-media":"","overlay-type":"","overlay-color":"","overlay-opacity":"","overlay-gradient":""},"tablet":{"background-color":"","background-image":"","background-repeat":"repeat","background-position":"center center","background-size":"auto","background-attachment":"scroll","background-type":"","background-media":"","overlay-type":"","overlay-color":"","overlay-opacity":"","overlay-gradient":""},"mobile":{"background-color":"","background-image":"","background-repeat":"repeat","background-position":"center center","background-size":"auto","background-attachment":"scroll","background-type":"","background-media":"","overlay-type":"","overlay-color":"","overlay-opacity":"","overlay-gradient":""}},"ast-content-background-meta":{"desktop":{"background-color":"var(--ast-global-color-5)","background-image":"","background-repeat":"repeat","background-position":"center center","background-size":"auto","background-attachment":"scroll","background-type":"","background-media":"","overlay-type":"","overlay-color":"","overlay-opacity":"","overlay-gradient":""},"tablet":{"background-color":"var(--ast-global-color-5)","background-image":"","background-repeat":"repeat","background-position":"center center","background-size":"auto","background-attachment":"scroll","background-type":"","background-media":"","overlay-type":"","overlay-color":"","overlay-opacity":"","overlay-gradient":""},"mobile":{"background-color":"var(--ast-global-color-5)","background-image":"","background-repeat":"repeat","background-position":"center center","background-size":"auto","background-attachment":"scroll","background-type":"","background-media":"","overlay-type":"","overlay-color":"","overlay-opacity":"","overlay-gradient":""}},"footnotes":""},"class_list":["post-214","page","type-page","status-publish","hentry"],"_links":{"self":[{"href":"https:\/\/tv-hattenheim.de\/index.php\/wp-json\/wp\/v2\/pages\/214","targetHints":{"allow":["GET"]}}],"collection":[{"href":"https:\/\/tv-hattenheim.de\/index.php\/wp-json\/wp\/v2\/pages"}],"about":[{"href":"https:\/\/tv-hattenheim.de\/index.php\/wp-json\/wp\/v2\/types\/page"}],"author":[{"embeddable":true,"href":"https:\/\/tv-hattenheim.de\/index.php\/wp-json\/wp\/v2\/users\/1"}],"replies":[{"embeddable":true,"href":"https:\/\/tv-hattenheim.de\/index.php\/wp-json\/wp\/v2\/comments?post=214"}],"version-history":[{"count":1,"href":"https:\/\/tv-hattenheim.de\/index.php\/wp-json\/wp\/v2\/pages\/214\/revisions"}],"predecessor-version":[{"id":217,"href":"https:\/\/tv-hattenheim.de\/index.php\/wp-json\/wp\/v2\/pages\/214\/revisions\/217"}],"wp:attachment":[{"href":"https:\/\/tv-hattenheim.de\/index.php\/wp-json\/wp\/v2\/media?parent=214"}],"curies":[{"name":"wp","href":"https:\/\/api.w.org\/{rel}","templated":true}]}}